mmon divisor of 2133 and 3699.
27
Calculate the highest common factor of 3 and 1839.
3
What is the highest common factor of 15028 and 10302?
34
What is the highest common divisor of 1365 and 66430?
455
Calculate the greatest common factor of 60336 and 512.
16
What is the greatest common divisor of 19560 and 1620?
60
Calculate the greatest common divisor of 126 and 58554.
18
What is the greatest common divisor of 218234 and 1634?
38
Calculate the highest common divisor of 1877580 and 684.
684
Calculate the greatest common divisor of 44 and 1759076.
44
Calculate the highest common factor of 111 and 16058.
37
What is the highest common factor of 776 and 741662?
194
Calculate the highest common factor of 5500486 and 68.
34
What is the greatest common factor of 152100 and 270?
90
What is the greatest common divisor of 289 and 7803?
289
What is the highest common factor of 42072 and 18?
6
Calculate the highest common divisor of 96 and 15468.
12
Calculate the highest common factor of 675 and 85.
5
Calculate the greatest common divisor of 12124 and 35.
7
What is the greatest common factor of 671972 and 233?
233
Calculate the highest common divisor of 1340 and 1979850.
670
What is the greatest common divisor of 24 and 10524?
12
What is the highest common factor of 100570 and 30?
10
What is the greatest common factor of 71372 and 28?
28
What is the greatest common factor of 5675 and 15?
5
What is the greatest common divisor of 4675 and 3145?
85
Calculate the highest common divisor of 18915 and 2080.
65
What is the highest common divisor of 19 and 143146?
19
Calculate the greatest common divisor of 9 and 35963.
1
Calculate the greatest common divisor of 30 and 28211070.
30
What is the highest common factor of 25020 and 160?
20
What is the greatest common divisor of 55161 and 162?
81
What is the highest common divisor of 3485 and 25585?
85
What is the greatest common divisor of 1691826 and 54?
6
Calculate the highest common factor of 3082 and 1081.
23
What is the highest common divisor of 280 and 134440?
40
What is the greatest common factor of 3069 and 555768?
279
Calculate the greatest common divisor of 10379 and 1067.
97
What is the greatest common divisor of 42033 and 6?
3
Calculate the greatest common factor of 589 and 722.
19
What is the highest common divisor of 363 and 1167?
3
What is the highest common divisor of 120 and 377316?
12
Calculate the highest common divisor of 1265 and 9328.
11
Calculate the highest common factor of 198 and 17292.
66
Calculate the greatest common divisor of 912564 and 36.
36
What is the greatest common divisor of 314 and 289194?
314
Calculate the greatest common divisor of 896 and 298624.
128
Calculate the greatest common factor of 350556 and 131.
131
What is the greatest common divisor of 10 and 49735?
5
Calculate the highest common divisor of 126 and 492471.
63
Calculate the greatest common factor of 106 and 2362.
2
Calculate the greatest common divisor of 32 and 610664.
8
Calculate the highest common divisor of 1848 and 13272.
168
What is the greatest common divisor of 108092 and 7076?
244
What is the greatest common factor of 40309 and 173?
173
What is the greatest common factor of 1169 and 534901?
167
Calculate the highest common divisor of 41376 and 288.
96
Calculate the highest common factor of 79675 and 200.
25
Calculate the highest common divisor of 531 and 15753.
177
What is the highest common divisor of 1881 and 605?
11
Calculate the highest common divisor of 45 and 1719.
9
Calculate the highest common factor of 181227 and 386.
193
What is the greatest common factor of 3172 and 47336?
244
What is the highest common factor of 56 and 2517116?
28
What is the greatest common divisor of 69060 and 12?
12
Calculate the greatest common divisor of 46596 and 16500.
132
Calculate the greatest common factor of 840 and 203240.
40
What is the highest common factor of 111007 and 2301?
13
Calculate the greatest common divisor of 815122 and 79.
79
Calculate the greatest common divisor of 16 and 23259536.
16
What is the greatest common divisor of 700 and 2900660?
140
Calculate the highest common divisor of 225 and 625200.
75
Calculate the highest common divisor of 1254 and 19266.
114
What is the highest common factor of 55874 and 434?
14
What is the greatest common factor of 81024 and 672?
96
Calculate the greatest common divisor of 9060 and 26220.
60
What is the highest common factor of 626691 and 26?
13
What is the greatest common divisor of 65750 and 8416?
526
Calculate the greatest common divisor of 275644 and 4384.
548
Calculate the greatest common factor of 498 and 31208.
166
Calculate the greatest common divisor of 5073393 and 156.
39
What is the greatest common factor of 257603 and 206?
103
What is the highest common factor of 184 and 82744?
8
What is the greatest common factor of 218374 and 962?
962
What is the greatest common factor of 14562 and 81?
9
What is the greatest common divisor of 201 and 480591?
201
What is the highest common factor of 98673 and 155?
31
Calculate the greatest common divisor of 3100 and 528860.
620
What is the greatest common divisor of 93 and 1147?
31
Calculate the greatest common factor of 4495 and 213745.
155
What is the greatest common divisor of 1494 and 4897?
83
What is the highest common factor of 17941 and 231?
77
What is the highest common factor of 12375 and 1815?
165
Calculate the highest common divisor of 1269 and 197776.
47
What is the highest common factor of 6478 and 38394?
158
What is the highest common factor of 374780 and 10?
10
What is the greatest common divisor of 20 and 138960?
20
What is the greatest common factor of 771 and 18?
3
What is the highest common factor of 1480885 and 145?
145
What is the highest common factor of 2 and 38186?
2
Calculate the greatest common factor of 112612 and 376.
188
What is the highest common divisor of 72738 and 162?
162
What is the highest common factor of 17 and 11513097?
17
What is the highest common divisor of 2246 and 38?
2
Calculate the highest common factor of 439 and 5536229.
439
What is the highest common divisor of 445 and 2696255?
445
What is the highest common factor of 22537 and 2201?
31
What is the greatest common factor of 158 and 35471?
79
What is the highest common divisor of 8336 and 233929?
521
What is the highest common divisor of 414 and 3438?
18
Calculate the greatest common factor of 2530 and 678845.
115
Calculate the highest common divisor of 58 and 394.
2
Calculate the highest common factor of 390 and 8963565.
195
Calculate the highest common factor of 6612 and 754870.
1102
What is the highest common divisor of 772 and 11387?
193
Calculate the greatest common divisor of 656 and 9266.
82
Calculate the greatest common divisor of 18512 and 1719302.
2314
Calculate the greatest common divisor of 400953 and 63.
21
What is the greatest common factor of 15072 and 5966?
314
Calculate the greatest common divisor of 424 and 3136.
8
What is the greatest common factor of 948 and 32943?
237
What is the greatest common factor of 301771 and 5753?
523
Calculate the greatest common divisor of 33880 and 110.
110
What is the greatest common factor of 118 and 196942?
118
Calculate the highest common divisor of 123 and 834063.
123
What is the highest common factor of 1673 and 24617?
239
What is the greatest common factor of 68688 and 87344?
848
What is the greatest common divisor of 136 and 1208?
8
What is the greatest common factor of 44678 and 1255?
251
Calculate the greatest common divisor of 10199 and 3337.
47
Calculate the highest common divisor of 129018 and 12.
6
Calculate the highest common factor of 79303 and 7.
7
What is the greatest common divisor of 17 and 2248199?
17
Calculate the greatest common divisor of 1 and 84255.
1
Calculate the greatest common divisor of 5856 and 106272.
96
What is the highest common divisor of 17864 and 140?
28
Calculate the greatest common factor of 154 and 15015.
77
Calculate the greatest common factor of 388 and 67997.
97
What is the greatest common factor of 238 and 528738?
14
What is the greatest common factor of 240 and 7930?
10
What is the highest common factor of 8004 and 70656?
276
Calculate the greatest common factor of 45 and 62091.
9
Calculate the highest common divisor of 366 